Is 267 prime?
False
Is 46727 prime?
True
Is 163783 composite?
True
Is 607265 a composite number?
True
Is 2483 prime?
False
Is 44861 prime?
False
Is 44841 prime?
False
Is 30131 composite?
True
Is 5158 prime?
False
Is 166541 a composite number?
False
Is 383057 prime?
False
Is 1751993 a composite number?
False
Is 176777 a prime number?
True
Is 2786461 a prime number?
True
Is 7621 a prime number?
True
Is 281821 a prime number?
False
Is 466409 composite?
False
Is 41771 a prime number?
True
Is 201401 composite?
False
Is 388511 a composite number?
True
Is 1059119 a prime number?
True
Is 27079 prime?
False
Is 14361 a composite number?
True
Is 366023 prime?
False
Is 106999 a composite number?
True
Is 9649 a prime number?
True
Is 56701 a composite number?
False
Is 11794 prime?
False
Is 497 a prime number?
False
Is 1029381 a prime number?
False
Is 112559 a prime number?
True
Is 23599 composite?
False
Is 49103 composite?
False
Is 110911 a prime number?
False
Is 4561 a prime number?
True
Is 5987 composite?
False
Is 5855 composite?
True
Is 25579 a composite number?
False
Is 57347 prime?
True
Is 66763 composite?
False
Is 158269 a prime number?
True
Is 11549 a prime number?
True
Is 95597 composite?
False
Is 2428883 a composite number?
False
Is 3151733 composite?
True
Is 55277 composite?
True
Is 15551 composite?
False
Is 44357 a prime number?
True
Is 120389 prime?
False
Is 87157 a composite number?
True
Is 184511 prime?
True
Is 38707 a composite number?
False
Is 200639 composite?
False
Is 2705 a composite number?
True
Is 200467 a composite number?
False
Is 22166 a prime number?
False
Is 4409 a composite number?
False
Is 63211 a prime number?
True
Is 7433 composite?
False
Is 11671 composite?
True
Is 59935 composite?
True
Is 38261 prime?
True
Is 256315 composite?
True
Is 13093 a composite number?
False
Is 550191 a prime number?
False
Is 359603 composite?
True
Is 2059 a prime number?
False
Is 183071 a composite number?
True
Is 778105 composite?
True
Is 11581 composite?
True
Is 99073 prime?
False
Is 24289 composite?
True
Is 1593346 prime?
False
Is 5087 prime?
True
Is 463547 prime?
False
Is 16721 composite?
True
Is 38207 a composite number?
True
Is 125063 a composite number?
False
Is 62749 a prime number?
False
Is 30443 a prime number?
False
Is 147187 composite?
True
Is 211 prime?
True
Is 5147 composite?
False
Is 51679 a composite number?
False
Is 82529 prime?
True
Is 111253 a composite number?
False
Is 1486003 composite?
False
Is 42307 composite?
False
Is 30146 a composite number?
True
Is 7559 a prime number?
True
Is 224321 composite?
True
Is 191305 a composite number?
True
Is 68543 a composite number?
False
Is 54709 prime?
True
Is 7031 a composite number?
True
Is 59739 composite?
True
Is 344909 composite?
False
Is 37409 a composite number?
False
Is 50017 a composite number?
True
Is 107441 prime?
True
Is 4219151 a prime number?
True
Is 42641 a prime number?
True
Is 156929 a prime number?
False
Is 6907 a prime number?
True
Is 3749 a prime number?
False
Is 12247 composite?
True
Is 106089 prime?
False
Is 119463 a composite number?
True
Is 49729 composite?
True
Is 126361 composite?
True
Is 665702 composite?
True
Is 109169 a prime number?
True
Is 325282 a composite number?
True
Is 663847 a composite number?
True
Is 137723 a composite number?
False
Is 17881 a prime number?
True
Is 123854 a composite number?
True
Is 20507 a prime number?
True
Is 166147 a prime number?
True
Is 38113 a composite number?
False
Is 34039 a prime number?
True
Is 98401 prime?
False
Is 4799 prime?
True
Is 87553 a prime number?
True
Is 1511 composite?
False
Is 301319 a prime number?
True
Is 145633 prime?
True
Is 76853 a prime number?
False
Is 13289 a prime number?
False
Is 8467 composite?
False
Is 2293 composite?
False
Is 13859 a prime number?
True
Is 1381 a composite number?
False
Is 10531 a prime number?
True
Is 108359 a composite number?
False
Is 109 a prime number?
True
Is 72017 a prime number?
False
Is 391 a composite number?
True
Is 87049 composite?
False
Is 1392887 a prime number?
False
Is 10294 a composite number?
True
Is 35071 a composite number?
True
Is 48221 a prime number?
True
Is 385913 a composite number?
True
Is 251 prime?
True
Is 16477 a prime number?
True
Is 17077 prime?
True
Is 20389 composite?
False
Is 207923 prime?
True
Is 137179 a prime number?
False
Is 6637 composite?
False
Is 615938 composite?
True
Is 2243587 composite?
False
Is 145399 composite?
False
Is 35311 a composite number?
False
Is 77069 a prime number?
True
Is 37391 a prime number?
False
Is 1492993 composite?
False
Is 26669 a composite number?
False
Is 955169 prime?
False
Is 3752353 a prime number?
False
Is 6521 prime?
True
Is 80329 a prime number?
True
Is 38559 composite?
True
Is 324149 a prime number?
False
Is 14371 composite?
True
Is 61037 prime?
False
Is 47351 a composite number?
False
Is 8859 composite?
True
Is 354247 prime?
True
Is 124799 prime?
True
Is 171053 prime?
True
Is 1032289 a composite number?
True
Is 230861 a prime number?
True
Is 37833 prime?
False
Is 39041 a prime number?
True
Is 13297 composite?
False
Is 42979 a prime number?
True
Is 119591 a composite number?
False
Is 907 composite?
False
Is 13837 prime?
False
Is 51099 a prime number?
False
Is 39929 a prime number?
True
Is 10219 a prime number?
False
Is 150527 prime?
False
Is 153434 composite?
True
Is 283174 composite?
True
Is 4621 a prime number?
True
Is 42095 a prime number?
False
Is 12323 composite?
False
Is 139918 a prime number?
False
Is 24305 composite?
True
Is 51581 composite?
False
Is 206135 a composite number?
True
Is 283369 a prime number?
True
Is 17709 composite?
True
Is 34439 prime?
True
Is 24749 a composite number?
False
Is 3433 a composite number?
False
Is 71 composite?
False
Is 417707 a prime number?
False
Is 487073 a prime number?
True
Is 44569 a composite number?
True
Is 29773 prime?
False
Is 271211 prime?
True
Is 5953 a prime number?
True
Is 12643 prime?
False
Is 43753 prime?
True
Is 118805 prime?
False
Is 736657 a composite number?
False
Is 5747567 a composite number?
True
Is 527671 composite?
False
Is 1453079 a prime number?
False
Is 814367 prime?
True
Is 7411 a composite number?
False
Is 18619 composite?
True
Is 2787 a composite number?
True
Is 4621 a composite number?
False
Is 1361 a composite number?
False
Is 39779 composite?
False
Is 7104743 a prime number?
True
Is 874501 a prime number?
False
Is 8147 prime?
True
Is 783527 composite?
False
Is 19661 prime?
True
Is 679 a prime number?
False
Is 11947 prime?
False
Is 553 a composite number?
True
Is 11474 prime?
False
Is 110161 a composite number?
False
Is 16463 a prime number?
False
Is 7819 prime?
False
Is 3651 composite?
True
Is 2641 composite?
True
Is 186869 a prime number?
True
Is 32711 prime?
False
Is 40693 a composite number?
False
Is 1470799 prime?
False
Is 184235 composite?
True
Is 20477 a prime number?
True
Is 17539 composite?
False
Is 16319 prime?
True
Is 134395 a prime number?
False
Is 1214947 a composite number?
False
Is 75079 prime?
True
Is 5981 prime?
True
Is 12365 a composite number?
True
Is 550733 a prime number?
True
Is 135347 a composite number?
False
Is 2497855 prime?
False
Is 498227 a composite number?
False
Is 17519 prime?
True
Is 202697 a composite number?
True
Is 6469 prime?
True
Is 62617 a prime number?
True
Is 289213 prime?
True
Is 21557 prime?
True
Is 6637 a prime number?
True
Is 1190755 prime?
False
Is 124291 composite?
False
Is 2558609 a composite number?
False
Is 7331 prime?
True
Is 19069 prime?
True
Is 155731 a prime number?
True
Is 14141 a composite number?
True
Is 2452613 a prime number?
False
Is 1403 composite?
True
Is 4393 composite?
True
Is 14591 a prime number?
True
Is 2392493 composite?
True
Is 838135 prime?
False
Is 106387 composite?
True
Is 198443 composite?
True
Is 12661 a prime number?
False
Is 141935 composite?
True
Is 80039 prime?
True
Is 48301 a prime number?
False
Is 82151 prime?
False
Is 48973 composite?
False
Is 46921 a prime number?
False
Is 78497 a composite number?
False
Is 10007 prime?
True
Is 15569 prime?
True
Is 4502 composite?
True
Is 20171 a composite number?
True
Is 231943 a composite number?
False
Is 269833 prime?
False
Is 2796809 a prime number?
False
Is 27499 a composite number?
True
Is 659221 a prime number?
True